Let j = 3912 + 5490. List the prime factors of j.
2, 3, 1567
Suppose 4*g + 8 = 6*g, 0 = 2*f - 2*g - 1490. Suppose m + f = 3*m - 3*w, -5*w = -5*m + 1875. List the prime factors of m.
2, 47
Suppose k + 64 = 5*p, 0*k = -2*p + 2*k + 32. Suppose p = 4*r, -2*v + 2*r + 17 = -3*r. Suppose 0 = -12*m + v*m - 236. List the prime factors of m.
59
Suppose 5*o - 10*o - 30 = 4*q, 5*q = 0. Let s(w) = -w**3 + 13*w**2 + 26*w + 11. List the prime factors of s(o).
7, 11
Suppose 2*g - 2*k = -136, 4*g + 3*k = 5*k - 268. List the prime factors of (-1)/2*24156/g.
3, 61
List the prime factors of ((-904500)/938)/((-6)/56).
2, 3, 5
Let n(f) = 6*f**2 + 14*f - 17. Let m(h) = h**2 + 36*h - 65. Let d be m(-38). List the prime factors of n(d).
863
Let p(x) = x**2 - 3*x - 108. Let n be p(11). Let m(h) = -33*h + 71. List the prime factors of m(n).
17, 43
Let v(k) = -4651*k**3 + k + 3. What are the prime factors of v(-2)?
3, 79, 157
Suppose -6*a = -0*a - 12. Let t be (12 - 192)*(1 - a). Suppose 0 = -7*u + 4*u + t. What are the prime factors of u?
2, 3, 5
Let t = 1937 + -4909. Let w = 4196 + t. What are the prime factors of w?
2, 3, 17
Let h(r) = 4*r**2 + 3*r**2 + 4*r - 23 + 5*r**2 - 11*r**2. Let k be h(-7). What are the prime factors of (-30)/(-1) - (-2 + 0 - k)?
2, 3, 5
Suppose 3*o = 0, -3*o = h + h - 4. Suppose -5*l = 3*f - 704, -3*f + 5*l = -h*f - 268. What are the prime factors of f?
3
Let l(n) = -n**3 + 14*n**2 - 25*n + 13. Let z be l(12). Let w(f) = 374*f**2 - f - 1. What are the prime factors of w(z)?
2, 3, 31
Suppose 4*o + 20 = 0, 3*s - 44 = 9*o - 5*o. What are the prime factors of (s + -5)*(-638)/(-6)?
11, 29
Let t = -228 + 278. Let y = 260 - t. List the prime factors of y.
2, 3, 5, 7
Let q(x) = -76*x**3 + 15*x + 77*x**3 + x**2 + 7*x + 7 - 12*x**2. Let b be q(5). Let w = 130 + b. List the prime factors of w.
97
Let w(f) = -41*f + 90. Let t be w(7). Let l = t + 701. What are the prime factors of l?
2, 3, 7
Let m(h) = -4*h + 95. Let g be m(-6). Suppose -g*o = -124*o + 615. List the prime factors of o.
3, 41
Let x(s) = -3*s - 16. Let j be x(-6). Let h(r) = -r**3 + j*r**2 + 5*r**3 + 10 - r - 2*r - 3*r**3. What are the prime factors of h(4)?
2, 47
Suppose -f - 4*k = 1000, -3*f + 3*k + 2*k = 2915. What are the prime factors of (f/30)/(8/(-84))?
7
Suppose 1931 = 4*t + 5*q, 79*t + 4*q + 509 = 80*t. What are the prime factors of t?
3, 163
Suppose 0 = 3*y - 3*g + 8*g - 62, 0 = -3*g - 15. Suppose -20*k + y*k = 1980. What are the prime factors of k?
2, 5, 11
Let t(l) = -l**2 + 15*l + 8. Let g be t(0). Suppose -1993 = -g*s + 11063. List the prime factors of s.
2, 3, 17
Let o(k) = 2*k**3 + 160*k**2 + 134*k - 492. What are the prime factors of o(-79)?
2, 3, 13
Let a(j) = -9*j**2 + 2*j + 1. Let u be a(1). Let p(r) = -2*r**3 - 11*r**2 - 4*r - 2. What are the prime factors of p(u)?
2, 29
Let o = -486 - -445. List the prime factors of 262 - (1 + 0) - (o - -42).
2, 5, 13
Let g be -1 + -48 + -2 - -2. Let w = g - -54. What are the prime factors of w?
5
Suppose -2*s = -2*h + 29936, -5*h + 2*s + 18089 = -56745. What are the prime factors of h?
2, 7, 1069
Suppose 4*a + m - 8 - 2 = 0, 5*a + 2*m - 11 = 0. Suppose 0 = -3*v - 5*s - 5, -2*v - 4*s - 4 = a*v. Suppose 0*x + 4*x - 152 = v. What are the prime factors of x?
2, 19
Suppose -2*f - 35509 = -3*k, -57*f + 11839 = k - 59*f. What are the prime factors of k?
3, 5, 263
Suppose 10*b + 0*b - 10 = 0. Let s = b + 1. What are the prime factors of 5*s/(-4)*(-246)/15?
41
Let i(r) = 46515*r - 949. List the prime factors of i(1).
2, 22783
Let v = -5759 + 8144. List the prime factors of v.
3, 5, 53
Let g = -17481 - -20377. What are the prime factors of g?
2, 181
Let u(t) = -206*t - 395. List the prime factors of u(-39).
7639
Suppose -v + 12*n - 4049 + 17133 = 0, -3*n = 4*v - 52642. What are the prime factors of v?
2, 11, 13, 23
Let d(h) = 192*h**2 - 121*h - 1111. What are the prime factors of d(-8)?
5, 7, 347
Suppose s + 7037 = m, -4*m + 28169 = -25*s + 28*s. List the prime factors of m.
2, 5, 11
Let f = 113 + -109. Let y(d) = 198*d + 10. List the prime factors of y(f).
2, 401
Let a(h) = 261*h**2 - 33*h - 158. What are the prime factors of a(-4)?
2, 5, 83
Suppose 3*m - 289 = 827. Let t = 1112 - m. Suppose 14*d - 9*d = t. List the prime factors of d.
2, 37
Suppose 2*j - 8*j - 2520 = 0. Let s = 966 + j. List the prime factors of s.
2, 3, 7, 13
List the prime factors of ((-15)/(-20) - (-99)/12) + 111768/3.
5, 29, 257
Suppose -3*h - 6 = -2*o, 4*o + o - 5*h - 25 = 0. Suppose 7 + 56 = o*u. Suppose 0 = -3*d + 3*k + 609, -2*k + u*k = -d + 209. List the prime factors of d.
2, 3, 17
Let f = 411 + -739. Let p = f + 616. What are the prime factors of p?
2, 3
Let j(m) = 2*m**3 - 59*m**2 + 7*m - 116. List the prime factors of j(30).
2, 7, 71
Suppose 2*s - 6 + 0 = 0, -s = 2*o - 39. Suppose 20 = 2*p + o. List the prime factors of 14/5 + 1*p/5.
3
Let u(h) = -2*h - 4. Let l(d) = 5*d**2 - 3*d + 13. Let n(y) = l(y) + 2*u(y). Let o be 8*(15/(-6))/5. List the prime factors of n(o).
113
Let r = 4863 + -720. What are the prime factors of r?
3, 1381
Let g(d) = d**3 - 10*d**2 + 5. Let s be g(10). Suppose 5*i - 3*m - 4 = -3, -i = s*m + 11. List the prime factors of ((-42)/(-49))/(i/(-217)).
2, 3, 31
Suppose 0 = -8*n + 7*n + 67. Suppose 334 - n = -2*t + q, -5*q = 3*t + 420. Let u = 210 + t. List the prime factors of u.
3, 5
Let k = -5832 + 19550. List the prime factors of k.
2, 19
Let m = 9248 + 1794. List the prime factors of 40/50 + m/10.
5, 13, 17
Suppose 9 = -15*q - 6. List the prime factors of 6224/(-24)*(q/2 + -1).
389
Suppose 3*d - 46*d = 8600. Let c = 281 + d. What are the prime factors of c?
3
Suppose 212 = -10*s + 882. Suppose 3*n - 28 = n. Let r = s - n. What are the prime factors of r?
53
Suppose -70*k + 69*k + 4*h = -1864, -4*h - 4 = 0. What are the prime factors of k?
2, 3, 5, 31
Let k be 4/(-3)*12/(-32)*-4. List the prime factors of 669/k*(-7)/(21/2).
223
Let f(l) = -l**3 + 19*l**2 + 39*l + 68. Let o be f(21). Suppose -4750 = -2*g - o*w - 1312, -5*g + 2*w + 8566 = 0. List the prime factors of g.
2, 857
List the prime factors of ((-205305)/10)/(39/(-26)).
13687
Let p(w) = -w**2 - 88*w - 1540. Let s be p(-64). Suppose 3*l - b = 4, 4*l + 5 = 2*b + 11. What are the prime factors of (-2 + l)/(2/s)*23?
2, 23
Let k(d) = 55*d**2 - 48*d - 40. What are the prime factors of k(12)?
2, 11, 83
Let r = -86 - -81. Let u(v) = -v**3 - 4*v**2 + 5*v + 2. Let x be u(r). Suppose 2*m + x*m - 392 = 0. List the prime factors of m.
2, 7
Suppose 0 = 349*u - 333*u - 537456. List the prime factors of u.
3, 11197
Let v(d) = 9*d**2 + d + 3. Let g(b) be the third derivative of b**6/120 - b**5/15 + b**3 + 7*b**2. Let o be g(3). List the prime factors of v(o).
3
Let h = 211 - 205. Suppose -h*t = -1179 - 2859. What are the prime factors of t?
673
Suppose -8397563 = -2257*y + 2106*y. What are the prime factors of y?
19, 2927
Suppose -2*v - l + 8 = 0, 2*v - l + 6*l - 8 = 0. Suppose 5*i - v = 2*m + 2*m, 4*m = i - 20. Let s = m + 13. List the prime factors of s.
7
Let x = 228 - 121. Let b = x + -28. What are the prime factors of b?
79
Suppose -5*h + 11*h + 55080 = 18*h. List the prime factors of h.
2, 3, 5, 17
Let y(r) = r**2 - 4. Let w be y(3). Let q be (-2)/w + (-16668)/(-45). Suppose -5*a = 4*m - 199 - q, -4*a - 12 = 0. List the prime factors of m.
2, 73
Let f(w) be the third derivative of w**7/360 - w**6/720 - w**5/10 + 17*w**2. Let l(z) be the third derivative of f(z). What are the prime factors of l(5)?
3, 23
Suppose 116*b = 108*b + 124760. What are the prime factors of b?
5, 3119
Let x(s) = s**3 - 5*s**2 - 7*s + 9. Let d be x(6). Suppose d*v - 3 = 2*l, 2 - 6 = l - 4*v. What are the prime factors of (-30)/10 + 191 + l?
2, 47
Let h be 986/87*(-6)/(-4). Let d = 5 - h. List the prime factors of (6/d)/(1/(-142)).
71
Suppose a + 3*c = -4*a - 276, 2*a - 2*c = -120. Let o(j) = -j**2 + 4*j + 4. Let l be o(-8). Let m = a - l. What are the prime factors of m?
5, 7
Let y(s) = 8*s + 30. Let z = -39 - -35. Let i be y(z). Let p(b) = 29*b**2 - 3*b - 1. List the prime factors of p(i).
11
Let t(h) = 183*h**2 + 71*h - 151. What are the prime factors of t(9)?
61, 251
Let l = 27 - -154. Let v = l - 83. Let m = v - -53. List the prime factors of m.
151
Let b = -1269 - -4702. Let k = -1982 + b. What are the prime facto